{"id":624,"date":"2019-06-06T08:22:37","date_gmt":"2019-06-06T08:22:37","guid":{"rendered":"http:\/\/www.joachim-kranz.net\/?page_id=624"},"modified":"2021-12-22T12:23:19","modified_gmt":"2021-12-22T11:23:19","slug":"feuer-und-flamme-eine-inklusive-lernumgebung-fuer-den-chemieunterricht","status":"publish","type":"page","link":"https:\/\/www.joachim-kranz.net\/index.php\/unterrichtsentwicklung\/feuer-und-flamme-eine-inklusive-lernumgebung-fuer-den-chemieunterricht","title":{"rendered":"Feuer und Flamme &#8211; eine inklusive Lernumgebung f\u00fcr den Chemieunterricht"},"content":{"rendered":"<p>&#8222;Feuer und Flamme&#8220; ist der Titel einer inklusiven Lernumgebung mit einem interaktiven Lernbuch, mit der das Modell f\u00fcr den inklusiven Chemieuntericht parxisnah erprobt wurde. Dieses Forschungsprojekt wird an der HU Berlin, Lehr- und Lernforschung, im Arbeitskreis von Prof. Tiemann, durchgef\u00fchrt. Ziel des Forschungsprojektes ist es, ein Modell f\u00fcr den inklusiven Chemieunterricht zu konzipieren und zu evaluieren.<\/p>\n<p>Die inklusive Lernumgebung mit 4 Lernsequenzen zu den Gasbrennern ber\u00fccksichtigt die Arbeitsschritte Elaboration, Probleml\u00f6sung und Anwendung\/Transfer. Sie dient zur realit\u00e4tsnahen \u00dcberpr\u00fcfung des von mir entwicklelten MiC-Modell (model of inclusive chemistry teaching).<\/p>\n<p>Wesentliches Merkmal der Lernumgebung ist ein adaptable Book, also ein interaktives Lehrbuch mit unterschiedlichen Zug\u00e4ngen, \u00dcbungsaufgaben zur Selbstdiagnose, Sprachbildungshinweisen, gestuften Lernhilfen, und Videofiles.<\/p>\n<p>Diese Sprachbildungstipps und Hinweise, sowie die gestuften Lernhilfen geh\u00f6ren zu einem interaktiven Lehrbuch zum Thema &#8222;Feuer und Flamme&#8220;.<\/p>\n<p>Das Multitouch-Lerning-Book kan nunter dem folgenden Link aufgerufen werden. Es ist im OER-Format erstellt und l\u00e4uft auf allen Endger\u00e4ten.<\/p>\n<p><a href=\"https:\/\/read.bookcreator.com\/pBR4ihqx9nWQH0fMLiZ13FUWRo23\/54LwLDVQQHqoY-_0vJH0LA\">Link zum interaktiven Lernbuch mit dem Titel &#8222;Feuer &amp; Flamme&#8220;.<\/a><\/p>\n<p>Sprachbildungstipps<\/p>\n<p>S1 <a href=\"https:\/\/www.joachim-kranz.net\/wp-content\/uploads\/2019\/06\/S_1-1.pdf\">hier als pdf-Datei<\/a><\/p>\n<p>S2<a href=\"https:\/\/www.joachim-kranz.net\/wp-content\/uploads\/2019\/06\/S_2-2.pdf\"> hier als pdf-Datei2<\/a><\/p>\n<p>S3<a href=\"https:\/\/www.joachim-kranz.net\/wp-content\/uploads\/2019\/06\/S_3-2.pdf\"> hier als pdf-Datei3<\/a><\/p>\n<p>S4 <a href=\"https:\/\/www.joachim-kranz.net\/wp-content\/uploads\/2019\/06\/S_4-2.pdf\">hier als pdf-Datei4<\/a><\/p>\n<p>S5 <a href=\"https:\/\/www.joachim-kranz.net\/wp-content\/uploads\/2019\/06\/S_5-2.pdf\">hier als pdf-Datei5<\/a><\/p>\n<p>S6 <a href=\"https:\/\/www.joachim-kranz.net\/wp-content\/uploads\/2019\/06\/S_6-1.pdf\">hier als pdf-Datei6<\/a><\/p>\n<p>SG_1<a href=\"https:\/\/www.joachim-kranz.net\/wp-content\/uploads\/2019\/07\/SG_1-2.pdf\"> hier als pfd-SG_1<\/a><\/p>\n<p>SG_2 <a href=\"https:\/\/www.joachim-kranz.net\/wp-content\/uploads\/2019\/07\/SG_2-1.pdf\">hier als pdf-SG_2<\/a><\/p>\n<p>SG_3 <a href=\"https:\/\/www.joachim-kranz.net\/wp-content\/uploads\/2019\/07\/SG_3.pdf\">hier als pdf-SG_3<\/a><\/p>\n<p>SG_4 <a href=\"https:\/\/www.joachim-kranz.net\/wp-content\/uploads\/2019\/07\/SG_4.pdf\">hier als pdf-SG_4<\/a><\/p>\n<p>Tipps &#8211; gestufte Lernhilfen<\/p>\n<p>Tipp1 &#8211;<a href=\"https:\/\/www.joachim-kranz.net\/wp-content\/uploads\/2019\/07\/Tipp_1.1-4.pdf\"> pdf1.1<\/a><\/p>\n<p>Tipp2 &#8211; learnigapps-Aufgabe<\/p>\n<p>Tipp3 &#8211;<a href=\"https:\/\/www.joachim-kranz.net\/wp-content\/uploads\/2019\/07\/Tipp_3.1.pdf\"> pdf3.1<\/a><\/p>\n<p>Tipp4 &#8211; <a href=\"https:\/\/www.joachim-kranz.net\/wp-content\/uploads\/2019\/07\/Tipp_4.1.pdf\">pdf4.1<\/a><\/p>\n<p>Tipp5 &#8211; <a href=\"https:\/\/www.joachim-kranz.net\/wp-content\/uploads\/2019\/07\/Tipp_5.1.pdf\">pdf5.1<\/a><\/p>\n<p>Tipp6 &#8211; <a href=\"https:\/\/www.joachim-kranz.net\/wp-content\/uploads\/2019\/07\/Tipp_6.1.pdf\">pdf6.1<\/a><\/p>\n<p>Tipp7 &#8211;<a href=\"https:\/\/www.joachim-kranz.net\/wp-content\/uploads\/2019\/07\/Tipp_7.1.pdf\"> pdf7.1<\/a><\/p>\n<p>Tipp8 &#8211; <a href=\"https:\/\/www.joachim-kranz.net\/wp-content\/uploads\/2019\/07\/Tipp_8.1.pdf\">pdf8.1<\/a><\/p>\n<p>Tipp9 &#8211;<a href=\"https:\/\/www.joachim-kranz.net\/wp-content\/uploads\/2019\/07\/Tipp_9.1.pdf\"> pdf9.1<\/a><\/p>\n<p>Tipp10 &#8211; <a href=\"https:\/\/www.joachim-kranz.net\/wp-content\/uploads\/2019\/07\/Tipp_10.1.pdf\">pdf10.1<\/a><\/p>\n<p>Tipp11 &#8211; <a href=\"https:\/\/www.joachim-kranz.net\/wp-content\/uploads\/2019\/07\/Tipp_11.1.pdf\">pdf11.1<\/a><\/p>\n<p>Info &#8211;<a href=\"https:\/\/www.joachim-kranz.net\/wp-content\/uploads\/2019\/06\/Info_Bunsen_Teclu_infotext.pdf\"> pdf zu Bunsen und Teclu <\/a><\/p>\n<p><a href=\"https:\/\/www.joachim-kranz.net\/wp-content\/uploads\/2019\/07\/Infoblatt-IconsV2-1.pdf\">Info &#8211; die Bedeutung der Icons &#8211; \u00dcbersichtstabelle <\/a><\/p>\n<p>Videotutorial zur Entz\u00fcndung eines Gasbrenners (HU Nico und Anne):<a href=\"https:\/\/www.joachim-kranz.net\/wp-content\/uploads\/2019\/07\/QUIK_20190627_222124.mp4\"> Vid1<\/a><\/p>\n<p><a href=\"https:\/\/read.bookcreator.com\/pBR4ihqx9nWQH0fMLiZ13FUWRo23\/54LwLDVQQHqoY-_0vJH0LA\">Feuer und Flamme &#8211; digitales Lehrbuch <\/a><\/p>\n<p>Poster GdCP 2019<br \/>\nLink zum Poster: <a href=\"https:\/\/www.joachim-kranz.net\/wp-content\/uploads\/2019\/08\/Poster_Entwurf_2_GdCP_2019_Kranz.pdf\">pdf-Poster<\/a><\/p>\n<p>Literaturverzeichnis 2019<br \/>\n<a href=\"https:\/\/www.joachim-kranz.net\/wp-content\/uploads\/2019\/08\/Literaturverzeichnis_Poster_GdCP_2019-1.pdf\">Link zum Verzeichnis: pdf-Lit<\/a><\/p>\n<p>Poster GdCP 2021<br \/>\n<a href=\"https:\/\/www.joachim-kranz.net\/wp-content\/uploads\/2021\/08\/Poster_GdCP_2021_Kranz_Tiemann_HU_Berlin.pdf\">Link zum Poster<\/a><\/p>\n<p>Literaturverzeichnis 2021<br \/>\n<a href=\"https:\/\/www.joachim-kranz.net\/wp-content\/uploads\/2021\/08\/Literaturverzeichnis-GdCP-2021.pdf\">Link zum Verzeichnis<\/a><\/p>\n","protected":false},"excerpt":{"rendered":"<p>&#8222;Feuer und Flamme&#8220; ist der Titel einer inklusiven Lernumgebung mit einem interaktiven Lernbuch, mit der das Modell f\u00fcr den inklusiven Chemieuntericht parxisnah erprobt wurde. Dieses Forschungsprojekt wird an der HU Berlin, Lehr- und Lernforschung, im Arbeitskreis von Prof. Tiemann, durchgef\u00fchrt. Ziel des Forschungsprojektes ist es, ein Modell f\u00fcr den inklusiven Chemieunterricht zu konzipieren und zu [&hellip;]<\/p>\n","protected":false},"author":2,"featured_media":0,"parent":285,"menu_order":0,"comment_status":"closed","ping_status":"closed","template":"","meta":{"footnotes":""},"class_list":["post-624","page","type-page","status-publish","hentry"],"_links":{"self":[{"href":"https:\/\/www.joachim-kranz.net\/index.php\/wp-json\/wp\/v2\/pages\/624","targetHints":{"allow":["GET"]}}],"collection":[{"href":"https:\/\/www.joachim-kranz.net\/index.php\/wp-json\/wp\/v2\/pages"}],"about":[{"href":"https:\/\/www.joachim-kranz.net\/index.php\/wp-json\/wp\/v2\/types\/page"}],"author":[{"embeddable":true,"href":"https:\/\/www.joachim-kranz.net\/index.php\/wp-json\/wp\/v2\/users\/2"}],"replies":[{"embeddable":true,"href":"https:\/\/www.joachim-kranz.net\/index.php\/wp-json\/wp\/v2\/comments?post=624"}],"version-history":[{"count":71,"href":"https:\/\/www.joachim-kranz.net\/index.php\/wp-json\/wp\/v2\/pages\/624\/revisions"}],"predecessor-version":[{"id":823,"href":"https:\/\/www.joachim-kranz.net\/index.php\/wp-json\/wp\/v2\/pages\/624\/revisions\/823"}],"up":[{"embeddable":true,"href":"https:\/\/www.joachim-kranz.net\/index.php\/wp-json\/wp\/v2\/pages\/285"}],"wp:attachment":[{"href":"https:\/\/www.joachim-kranz.net\/index.php\/wp-json\/wp\/v2\/media?parent=624"}],"curies":[{"name":"wp","href":"https:\/\/api.w.org\/{rel}","templated":true}]}}